 g(l) = 10*l**3 + 2*l**2 - l. Give g(b).
11
Let u(t) = 1 - t**2 + 0 - 3*t**3 - 7*t**3. Let r = 33 + -28. Suppose l - 2 = -r*j - 8, 0 = l - j. Calculate u(l).
10
Let x(u) be the first derivative of u**4/4 + u**3/3 - u**2/2 - u + 157. Give x(-3).
-16
Suppose -19 - 6 = 5*l. Let x(s) = 6*s**2 - 4*s + 2. Let w(o) = -5*o**2 + 3*o - 2. Let r(d) = l*w(d) - 4*x(d). What is r(0)?
2
Let q = 11 + -14. Let r(j) = 14*j - 1. Let x(u) = 9*u - 1. Let s(f) = 5*r(f) - 8*x(f). Determine s(q).
9
Suppose 385 - 93 = 4*w. Let x = 75 - w. Let p(t) = 2*t**3 - t**2 + t - 1. Determine p(x).
13
Let w(u) = u**3 - 7*u**2 + 6*u - 2. Suppose 5*r + 6*y - 260 = y, -4*r + 216 = 2*y. Let g = 62 - r. What is w(g)?
-2
Suppose -4*d + 98 = 2*u, 0 = 34*d - 36*d - 3*u + 51. Let t(i) = i**2 - 26*i + 35. Calculate t(d).
-13
Let m = 1 - -4. Suppose u - 2 = m. Let t(g) = -u + 0 + 0 + g. Calculate t(5).
-2
Let r(c) = c - 6. Suppose -9*v + 6*v = -12. Let k = 5 + v. Let o(y) = 3*y - 20. Let g be o(k). What is r(g)?
1
Let j(y) = y**3 - 7 + 0*y**3 + 13*y + 2*y + 10 - 16*y**2. Let n be j(15). Let f(l) = 0*l**2 + 1 + 7*l**3 - 8*l**3 + n*l**2 + 3*l. What is f(4)?
-3
Let a(q) = -8*q - 25. Let u(m) = -22*m - 76. Let g(c) = 8*a(c) - 3*u(c). What is g(-14)?
0
Let o(q) be the second derivative of -5/6*q**3 + 0 + 5/2*q**2 - 23*q + 1/12*q**4. What is o(7)?
19
Let s(z) be the first derivative of -7*z - 1/2*z**2 + 1/3*z**3 + 1. Calculate s(0).
-7
Let g(b) be the first derivative of -5 - 4/3*b**3 - 1/24*b**4 + 5/2*b**2 - 1/60*b**5 + 0*b. Let o(l) be the second derivative of g(l). Determine o(0).
-8
Let a(t) = -9*t**3 + 12*t**2 - t - 14. Let s(d) = -4*d**3 + 6*d**2 - d - 6. Let z(i) = 3*a(i) - 7*s(i). Calculate z(5).
-5
Let u(r) = -2*r**3 - r + 1. Suppose 0 = 3*t + 2*t. Suppose p + 3*l = -15, p + t*l - 2*l - 10 = 0. Suppose p = 4*m + 22 - 26. What is u(m)?
-2
Let q(k) = 23*k**3 - k - 4. Let h(d) = 47*d**3 - 2*d - 9. Let i(g) = 3*h(g) - 7*q(g). Calculate i(-1).
20
Let v(y) be the second derivative of y**4/4 - 13*y**3/6 - 3*y**2 + 31*y. Let q(i) = -i**2 + 6*i + 3. Let p(n) = -5*q(n) - 2*v(n). Give p(-4).
-3
Let y(l) = -l + 4. Let i = -59 + 59. Suppose 7*z = -i*z - 4*z. Determine y(z).
4
Let z(j) = j**2 - 3*j - 2. Suppose -67*u = -70*u + 12, 4*u - 6 = -2*x. What is z(x)?
38
Suppose -4 = -7*l + 8*l. Suppose 0 = 2*a - 2, -o + 0*o = -5*a. Let z(k) = -o*k + 7 + k + 5*k. Determine z(l).
3
Let d(p) = 11*p. Let g = -333 + 335. Give d(g).
22
Let g(u) be the third derivative of u**8/6720 + u**7/504 - u**6/80 - u**5/30 + 17*u**4/12 - 2*u**2. Let a(p) be the second derivative of g(p). Determine a(-6).
14
Let o(n) = 7*n + 7. Let v be o(-3). Let s be ((-7)/v)/(1/10). Let h(d) = 4*d + 2. Let w(f) = -f. Let c(y) = -h(y) - 5*w(y). Determine c(s).
3
Suppose h = 10*h - 1161. Let z be 14/63 + h/27. Let n(k) = -k. Let t(s) = -4*s - 7. Let l(c) = 5*n(c) - t(c). Give l(z).
2
Suppose 157 = 6*z + 109. Let y(u) = u**3 - 9*u**2 + 10*u - 2. Determine y(z).
14
Suppose 289*i - 276*i - 13 = 0. Let z(x) = -25*x**3 - 1. What is z(i)?
-26
Let i(d) = -7*d**2 - 5*d - 11. Let u(z) = z**2 + 2. Let s(l) = i(l) + 6*u(l). Let w(a) = a**3 - 5*a**2 + 2*a + 3. Let v be w(4). Determine s(v).
1
Let d = -56 - -58. Let y(p) = -1 + 0*p**2 - 6 - 3*p**d + 8. Calculate y(2).
-11
Let h(x) = 2 + x**2 - 2*x + 3*x - 2*x. Let w be h(0). Let v(t) = 14*t + 197. Let s(g) = -9*g - 123. Let i(u) = 8*s(u) + 5*v(u). Determine i(w).
-3
Let k(c) = -c**3 + 4*c**2 + 19*c - 2. Let f be k(7). Let u(x) = -x**2 - 20*x - 63. Calculate u(f).
1
Let s(h) be the first derivative of h**5/60 - h**4/24 + h**3/3 + 11*h**2/2 + 2. Let j(w) be the second derivative of s(w). Determine j(2).
4
Let h(f) = f**3 - 11*f**2 + 20*f - 12. Let m be h(9). Let g(k) = -2 + k - 6 + 3 + m. Determine g(6).
7
Let j(s) = -s**3 + 5*s**2 + 4*s + 18. Let k be j(6). Let x(z) = z**2 + 3*z + 6. Let u(v) = 3*v**2 + 5*v + 13. Let g(c) = -2*u(c) + 5*x(c). Give g(k).
-2
Let y(a) = -a**2 - 10*a - 11. Let r be (-4)/(5/3 + -2). Let k(j) = j**3 - 13*j**2 + 12*j - 8. Let s be k(r). Determine y(s).
5
Let c(y) = 89*y - 540. Let p be c(6). Let q(f) = f**3 + 6*f**2 - f - 14. Calculate q(p).
-8
Let r(w) = -3*w**2 - 2*w + 7. Let t be r(2). Let f be (-3)/(t*(-2 - (-33)/18)). Let o(b) = b**2 + 3*b. Determine o(f).
-2
Suppose 4*q = -347 + 395. Let b(g) = -2*g + 26. Determine b(q).
2
Let z(n) be the third derivative of n**4/3 + n**3 - 291*n**2. Suppose -11 = 4*l + 5. Give z(l).
-26
Let r be -6*(-2)/4*(-258)/(-9). Let u(y) = -1 + r*y - 86*y + y**2 - 5*y**2. Calculate u(2).
-17
Let h(r) be the third derivative of -r**4/24 - 5*r**3/6 + r**2 + 2. Calculate h(-4).
-1
Let j(v) be the third derivative of -11*v**6/120 + v**5/60 - v**4/24 - v**2. Let g(r) = 22*r**2 + 128*r - 23. Let a be g(-6). Calculate j(a).
-11
Suppose 40 = 3*d + 5*q - 6, 0 = -2*d - q + 33. Suppose 15*z - d*z + 12 = 0. Suppose 0 = 6*a + 30 + z. Let t(g) = g**2 + 8*g + 6. Determine t(a).
-6
Let z(u) = 11*u**3 + 8*u**2 + 7*u + 3. Let w(v) = v**3 + v**2 + v. Let d(g) = -5*w(g) + z(g). Give d(-2).
-37
Let k(c) = -11 + 2*c - 3*c - 2. Let q(b) = b**2 + 77*b + 1472. Let j be q(-39). Determine k(j).
-3
Suppose 5*l + 4 = -1. Suppose -4*y + 2*v = -8, y + 4*y - v = 16. Let a(n) = 11*n - 3. Let t(u) = 10*u - 2. Let z(s) = y*t(s) - 3*a(s). What is z(l)?
-6
Let t(u) = 93*u + 6 + 3*u**2 - 20*u**2 + 7*u**2 - 100*u + 11*u**2. Let c be 24/4 + (0 - 0). Determine t(c).
0
Let q(f) = -2*f + 175 - 4*f - 179. Determine q(3).
-22
Let s(j) = -j**2 - 10*j - 6. Let y(f) = -2*f**2 + 1. Let c be y(2). Determine s(c).
15
Let m(v) = 12*v + 17. Let j be m(9). Let h(y) = -y + j + y**3 - 131 + 0*y + y**2. Give h(0).
-6
Let p(o) = -o**3 - 27*o**2 - 27*o - 31. Let a be p(-26). Let t(i) be the first derivative of -1/4*i**4 - 7*i - 1 - 4*i**2 - 2*i**3. What is t(a)?
8
Let u(q) = -q**3 - 6*q**2 - 2*q + 8. Suppose -5*z - 10 = -3*z. What is u(z)?
-7
Let v(i) = -i - 3. Let b be v(-4). Let k(z) = 97*z**3 + 30*z - 104*z**3 - 29*z. What is k(b)?
-6
Let h(c) = c**3 - 4*c**2 + 2*c - 6. Let w be h(4). Let t(n) = -1 - 2*n**2 - 4*n + 3*n + n**w. Let r = -25 + 25. Calculate t(r).
-1
Let g(f) = -f + 12. Let c(n) = n**2 + 8*n - 15. Let h be c(-10). Suppose -4*s + 20 = 5*x + s, -5*x + h*s + 50 = 0. Determine g(x).
5
Let k be (8 - 9)*5/(-5). Let u(s) = -5*s**2 + 3*s - 1. Calculate u(k).
-3
Let g(h) be the second derivative of h**8/840 + h**7/2520 - h**5/120 - 15*h**4/4 - 47*h. Let n(s) be the third derivative of g(s). Determine n(-1).
-8
Let g(r) be the third derivative of -r**8/6720 - r**7/420 + r**6/80 + 3*r**5/40 + r**4/8 + 4*r**2. Let k(p) be the second derivative of g(p). Calculate k(-7).
-5
Let z(g) = 4*g - 6. Suppose -3*x = -2*x. Let h be z(x). Let w(n) = -n**2 - 8*n - 3. Calculate w(h).
9
Let p = -73 + 75. Let s(f) = -4*f**2 - 6*f**2 + 0*f**2 + 8*f**p. Give s(-1).
-2
Let j(i) be the second derivative of -i**5/20 - 7*i**4/12 - 4*i**3/3 + 5*i**2 - 83*i. Give j(-5).
0
Let o(z) = 4*z**3 + z**2 - z. Let f be (27/(-12))/((-6)/64). Let h be f/(-60) + 14/10. Calculate o(h).
4
Suppose -4*z - 5*v + v - 32 = 0, -5*z - 2*v - 52 = 0. Let l = z + 21. Let c(t) = t**2 - 8*t - 9. Let y be c(l). Let p(w) = -w**2 + w + 2. What is p(y)?
2
Let b(t) = -t - 4*t - 15 + 4*t. Suppose -10*i + 0*i = -12*i. Determine b(i).
-15
Let f(j) = -111 - j**3 - 2*j - 110 + 222. Give f(2).
-11
Let b(g) = g**3 - 15*g**2 + 13*g + 16. Let i be b(14). Let v(x) be the first derivative of 1/2*x**i + 2 + 2*x. Determine v(-3).
-1
Let t(s) = -5*s - 10. Let u = 856 + -862. Determine t(u).
20
Let o(v) = -5*v**2 - 3*v - 1. Let k be (-10)/(-35)*7*(-5 - -4). Determine o(k).
-15
Let s be (-5 + 4)/(1/(-93)). Let h = s + -95. Let k(t) = -4*t - 1. What is k(h)?
7
Let a(f) = 4*f - 1. Let x(n) = -3*n + 2. Let j(u) = -2*a(u) - 3*x(u). Let p be j(8). Let o(c) = 3 + 2*c - 7*c**2 + 3*c**2 + c**3 - 4. Determine o(p).
7
Suppose -4*b + 8*b + 22 = -2*s, -28 = 3*s + b. Let n(u) = u**2 + 11*u + 16. Calculate n(s).
-2
Let b(k) = -7*k**2 + 12*k - 1. Let z(y) = -4*y**2 + 6*y. Let x(p) = 3*b(p) - 5*z(p). Suppose 14*n = 23*n - 36. Determine x(n).
5
Let w(l) = 7*l + 5. Suppose -14 = 3*q + 4*g, 2*q - 2*g + 6 = -3*q. Determine w(q).
-9
Let p(f) = -4*f**2 - 9 + 3*f**3 - 2*f**3 - f + 4*f**2. Determine p(0).
-9
Let a(s) = s. Let g(j) = -7*j - 2. Let v be g(1). Let o = v - -2. Determine a(o).
-7
